emainder when n is divided by 4*-2 + (-294)/(-14).
11
Let y(w) = -27*w**2 - 228*w + 163. Suppose 8*c - 3*c = 0, 2*o - 82 = 2*c. What is the remainder when o is divided by y(-9)?
13
Let m(o) = -o**3 - 13*o**2 - 6*o - 318. Calculate the remainder when m(-20) is divided by 126.
82
Let i = -107 - -108. What is the remainder when 1 + (176 - (i + -5)) is divided by 31?
26
What is the remainder when 1076 is divided by 7/(-1)*(-472 - -438)?
124
Suppose 45371 = 175*q - 94804. Calculate the remainder when q is divided by 69.
42
Let u be (-10)/(-6) - 2149/(-21). Suppose -3*f + 7*f - u = 0. Suppose 9 = 2*c + 3*d, 0*c - 4*c = 2*d - 22. What is the remainder when f is divided by c?
2
Let z = 3161 - 3135. Calculate the remainder when 126 is divided by z.
22
Let a be 2/(-40)*-8276 + (-2)/(-10). Let z = a - 385. What is the remainder when 98 is divided by z?
11
Let k = 39 - -21. Let i = 62 - k. Suppose l = i*h + 27 + 13, -88 = -2*l + 2*h. What is the remainder when l is divided by 13?
9
Let m = -5703 - -6907. Calculate the remainder when m is divided by 110.
104
Suppose 0 = -2*u - 4*q + 1112, 400 = 3*u + 5*q - 1263. Let y = 559 - u. Calculate the remainder when (-22)/(-1) - (1 - 1) is divided by y.
9
Let q be (3 + 6/4)*(9 + -7). Let o(h) = 2*h**2 - 7*h + 6. Calculate the remainder when 1/((-8)/(-228)*q/6) is divided by o(4).
9
Suppose -4*j - 4*p + 1564 = 0, -j = -5*p - 0*p - 409. Suppose -29*o + 743 - 105 = 0. What is the remainder when j is divided by o?
20
Let s(p) = 0*p**2 - 9*p + 3*p**3 + 6*p**2 - 2*p**2 + 8 + 3*p**2 - 5*p**2. Calculate the remainder when 30 is divided by s(2).
8
Calculate the remainder when 411 is divided by ((-624)/143)/8 - ((-3978)/11)/3.
51
Suppose 12*g = -18 - 18. Suppose c - 28 + 9 = -3*i, 6 = 2*i - c. What is the remainder when -5 + (-16)/g + 70/6 is divided by i?
2
Suppose 5*a = -o - 59, 3*o + 2*a = -3*a - 137. Let t = o + 70. Suppose -p = -4*r + 479, 4*r - 3*p = -0*r + 469. Calculate the remainder when r is divided by t.
28
Let c(t) = 116*t**2 - 783*t - 159. Calculate the remainder when c(7) is divided by 22/4 + (-1)/(-2).
2
Suppose 5*d = 90, 1821*k - 6*d + 198 = 1823*k. Suppose 0*a = a - 354. What is the remainder when a is divided by k?
39
Let j = -18923 - -26804. Suppose 15*h - j = -22*h. Calculate the remainder when h is divided by 68.
9
Let z = 7120 - 5562. Calculate the remainder when z is divided by 121.
106
Let w = -1960 - -2928. What is the remainder when w is divided by 20?
8
Let h(y) = y**3 + 10*y**2 - 6*y - 12. What is the remainder when (-110)/(-10)*-13*-1 is divided by h(-10)?
47
Suppose 264336 = 58*i - 34712. What is the remainder when i is divided by 77?
74
Suppose 5*f - 600 - 267 = -2*j, -f + 887 = 2*j. What is the remainder when j is divided by 404?
42
Suppose -11008 = -237*p + 7952. Calculate the remainder when 707 is divided by p.
67
Suppose 0 = -9*r + 10*r. Let g be r/(-10) + (10 - (1 - -1)). Suppose -g*m - 36 = -11*m. Calculate the remainder when 33 is divided by m.
9
Let d(w) = -w**2 + 29*w - 186. Let b be d(14). Suppose 25*v = b*v + 6. What is the remainder when 166 is divided by v?
4
Let p(c) = 82*c + 1086. What is the remainder when 186 is divided by p(-11)?
2
Suppose -3*o + 102 = -0*o. Suppose o = 2*y - 86. Let n = y - 19. Calculate the remainder when n is divided by 21.
20
Suppose -616 = -4*j - 4*a - 128, 0 = -4*j - 5*a + 483. What is the remainder when j is divided by 298*1/4 + 2/4?
52
Let y = 18 - 7. Suppose -31*a - 155 = -36*a. Calculate the remainder when a/3*((-56)/(-8) - 4) is divided by y.
9
Suppose -78*f + 198*f - 47*f = 27521. Calculate the remainder when f is divided by 122.
11
Suppose p + 28*v = 32*v + 230, -650 = -3*p + 2*v. Calculate the remainder when 255 is divided by p.
41
Let r = 1862 - 1831. Let l(b) = -3*b - 16. Let p(q) = -7*q - 32. Let n(c) = -13*l(c) + 6*p(c). Calculate the remainder when r is divided by n(0).
15
Let k = -25 + 31. Let t = 57 - 39. Suppose c - t = -k. What is the remainder when 46 is divided by c?
10
Suppose 4*x + 2*r - 108 = 0, -90 = -3*x - r - 9. Let k = x + -13. What is the remainder when (12/15)/(6/(-15)) + k is divided by 5?
2
Let n be ((-30)/(-21))/(1*(-5)/(-35)). Suppose 5*w - 565 = 3*i + 2*i, 0 = 2*i - n. Calculate the remainder when w is divided by 30.
28
Suppose 46*y - 536*y + 31044 = -92*y. Let w(t) = -t**3 - 6*t**2 + 3*t. What is the remainder when y is divided by w(-7)?
22
Suppose z + 3*z - 128 = -4*f, 4*z = f - 17. Suppose -x = -10*y + 5*y - 91, -5*y + 353 = 3*x. What is the remainder when x is divided by f?
24
Let d = -471 - -613. Calculate the remainder when 158 is divided by d.
16
Let o(k) = -204*k + 643. What is the remainder when 105 is divided by o(3)?
12
Let n be (-30)/(((-45)/6)/(-5)). Let w = 51 - n. What is the remainder when w is divided by ((-4)/((-4)/(-2)))/(5/(-60))?
23
Suppose -2*x - 793 = -5*i, -5*x = 3*i - x - 455. Suppose -3*g - 2 = -c + 78, 2*c - i = 3*g. What is the remainder when c is divided by 66?
11
Let y = 254 + 505. Suppose 0 = 6*i - 17*i + y. Let s = 26 + -14. Calculate the remainder when i is divided by s.
9
Let k be (6/(-10))/(40/(-200)). Suppose k*j = -3*a + 20 + 34, 2*a = -4*j + 64. What is the remainder when 80 is divided by j?
10
Let p(h) = -2*h**2 + 82*h - 176. Let f be p(48). Let w = 935 + f. Calculate the remainder when w is divided by 6.
3
Suppose -3*z + 1989 = x, -z + 69*x + 641 = 73*x. Calculate the remainder when z is divided by 166.
1
Calculate the remainder when 1497 is divided by 126/12*5/15*4.
13
Calculate the remainder when 6780 is divided by 399/(-665) + (-1292)/(-20).
60
Let r(z) = -49*z - 1747. Calculate the remainder when r(-42) is divided by 110.
91
Suppose -13 = -4*x - u, -5*x - 5*u = 8 - 43. Suppose x*p - 6 = -16, y - 2*p - 58 = 0. Suppose -2*j + 5 = -5. What is the remainder when y is divided by j?
3
Suppose 2*k + 13 = 5*f, -4*f + 15 = -0*k + 3*k. Let z be -2 + (k - -2) + (-6 - -5). What is the remainder when 1934/12 - z - 4/24 is divided by 27?
26
Suppose h - 12 + 2 = 0. Let b = -6 + h. Suppose 4*p - 4*u = 3*p + 27, 0 = -2*p + b*u + 42. Calculate the remainder when 43 is divided by p.
13
Calculate the remainder when (-882)/(-252)*(-10488)/(-14) is divided by 18.
12
Let f = -12 + 25. What is the remainder when ((-55)/(-25) + -2 - (-10523)/85)/2 is divided by f?
10
Suppose 5*v - 4*b = -644, 0 = 2*b + 1 + 7. Calculate the remainder when -23*7*v/154 is divided by 70.
68
Let f(a) = 4*a - 139. Let b be f(33). What is the remainder when 18 is divided by (-11 - b) + (0 - -8)?
2
What is the remainder when 36 is divided by (-1)/(12 + 313/(-26))?
10
Let d = -1389 - -1405. What is the remainder when 2175 is divided by d?
15
Let p = 20913 - 20845. Let j = 17 - 5. Calculate the remainder when p is divided by j.
8
Suppose -7004 = -54*x - 3980. Calculate the remainder when 5533 is divided by x.
45
Let q(d) be the third derivative of d**2 + 0*d + 0 - 13/24*d**4 - 1/120*d**6 + 3/2*d**3 - 1/5*d**5. What is the remainder when q(-11) is divided by 8?
7
What is the remainder when 259 is divided by (12/(-48))/(-5 + (-6)/((-4440)/3695))?
0
Suppose 5 + 31 = -4*q. Let w be (2/(-1))/2 - q/3. Calculate the remainder when w*-10*(-3)/6 is divided by 1.
0
Suppose 18*u = 76 + 1256. Let w = -10 + u. What is the remainder when 187 is divided by w?
59
Let w = 17024 + -16907. Calculate the remainder when 1987 is divided by w.
115
Let b = 16 - 11. Suppose 6*v - b = 5*v. Suppose -v*w + 66 = -524. Calculate the remainder when w is divided by 30.
28
Let z(u) be the third derivative of u**4/6 - 5*u**3/2 - u**2. Let b = 33 - 21. What is the remainder when z(b) is divided by 10?
3
Let u(l) = 3*l**2 + 2*l + 2. Let b be u(2). Suppose -15*j - 294 = -b*j. What is the remainder when j is divided by 35?
28
Let a(t) = -1361*t - 7985. What is the remainder when a(-7) is divided by 193?
191
Suppose 14*s - 19*s + 3532 = 4*a, 3*s - 5*a - 2097 = 0. Suppose -11*x = 5*x - s. What is the remainder when x is divided by 23?
21
Let d = -72 - -58. Let s = d + 32. Suppose -13*n + s*n = 85. What is the remainder when n is divided by 5?
2
Let t be (473/(-33))/((-2)/6). Let o = t - -178. What is the remainder when o is divided by 15?
11
Let z be -3 + (1981/7 - -6). Let n = -240 + z. Calculate the remainder when 87 is divided by n.
41
Calculate the remainder w